4. Let r be 17 - -9*z/9. What is the units digit of l(r)?
9
Suppose 751 + 899 = v - q, v - 1625 = -4*q. Suppose x - 5*b + 116 = 453, 5*b + v = 5*x. What is the hundreds digit of x?
3
Suppose -5*i = -4*h + 37, -2 - 44 = -4*h + 2*i. Let l(p) = p**2 - 13*p - 108. Let z be l(-6). Suppose z*j = h*j - 700. What is the units digit of j?
0
Let m(j) = -j**2 - 21*j - 33. Let g be m(-2). What is the hundreds digit of (745 - (g - 8)) + 1?
7
Suppose 5*b - 4*q = -6180, -5*b - 3*q + 216 = 6361. Let g = b - -1770. What is the units digit of g?
8
Let o(s) = -8*s**2 - 11*s - 8. Let l be o(-12). Let f = -597 - l. What is the units digit of f?
1
Suppose 0*l - 2*l + 6 = 0, 5*f = -l - 52. Let y(r) = 6*r**2 + 31*r + 27. What is the tens digit of y(f)?
1
Let w(a) = -a**2 - 11*a - 18. Let d be w(-8). Let g(j) = 2*j**3 + j**2 - 7*j + 6. Let o be g(d). Suppose 5*n + 11*n = o. What is the units digit of n?
7
Let t(a) = a**2 - a + 19 - 12*a + 3*a + 6*a. What is the units digit of t(-10)?
9
Let r = 647 - -71. Let d = r - 520. What is the tens digit of d?
9
Let l = -78 - -80. Let c be (l/(-3))/(452/(-456) + 1). What is the units digit of c*(-5)/(0 - -5)?
6
Suppose 0 = f - 3*f + 4. Let s = 9749 - 9738. Suppose -f*i = -s - 21. What is the tens digit of i?
1
Let f(k) = k - 9. Let i be f(15). Suppose -4 = -4*d, -i*z + 2*z = 3*d - 27. Suppose -z*t = -4*t - 104. What is the tens digit of t?
5
Let m be (-8)/(-48) + 118/(-24)*106. What is the units digit of 6/1 - (m - 5)?
2
Let z(b) = b**2 + 12*b + 29. Let g be z(-5). Let c(a) = 2*a**2 - 2*a - 3. What is the units digit of c(g)?
1
Let j(o) = 159*o + 21. Let y = 360 + -356. What is the units digit of j(y)?
7
Let v(m) = 1414*m**2 - 87*m + 2. What is the ten thousands digit of v(4)?
2
Suppose 204*r + 2*l - 75596 = 202*r, -r + 37807 = 4*l. What is the tens digit of r?
9
Let d(g) = -3*g + 28. Let a be d(8). Suppose -t + 5*t = 0, a*x - 12 = -4*t. Suppose 0 = -w - x*y + 126 + 41, w = -4*y + 162. What is the tens digit of w?
8
Let x = 897 + -894. Suppose -5508 = -4*s + 4*p, x*p + p - 4124 = -3*s. What is the hundreds digit of s?
3
Let m = 23116 - 15239. What is the tens digit of m?
7
Suppose 0 = -3*u - u + 8. Suppose -223 = u*o + 175. Let l = 356 + o. What is the tens digit of l?
5
Let g(q) = -q**3 - 11*q**2 - 15*q + 31. Let c be g(-9). Suppose -97 = -3*a + c*d + 557, 4*a + 5*d = 903. What is the units digit of a?
2
Let b(u) = 304*u**2 - 182*u - 879. What is the tens digit of b(-5)?
3
Let c = -31 - -37. Let u be ((-27)/c)/(3/(-100)). Suppose 2*p = -p + u. What is the tens digit of p?
5
Let k be (-33)/(-22) + 10/4. What is the units digit of 18/(k - (16/9 + 2))?
1
Let n(p) = 40*p + 88. Let k be n(-13). What is the hundreds digit of 1 - 8 - -14 - k?
4
Suppose 0 = 9*u - 7*u - o - 3, -2*u = 5*o - 21. Suppose c + u*s = 900, 5*c - 4400 = 17*s - 12*s. What is the hundreds digit of c?
8
Let p(v) = 34*v**2 - 2*v**2 - 14 + 9*v - 16*v**2 + 22*v**2. What is the hundreds digit of p(4)?
6
Suppose -20*g + 1976429 = 13*g + 4*g. What is the units digit of g?
7
What is the units digit of ((-1643)/(-93))/(-1 - 2204/(-2202))?
1
Suppose 4*h - h = 2*l + 231, 4*l + 457 = h. Let s = l + 118. Suppose -384 = -3*n - s*j + 56, 0 = 2*j + 8. What is the tens digit of n?
5
Let z(c) = -11*c**3 - 30*c**2 - 14*c - 1483. Let w(x) = 5*x**3 + 14*x**2 + 7*x + 741. Let d(a) = 13*w(a) + 6*z(a). What is the units digit of d(0)?
5
Let y(x) = -x**3 - 10*x**2 - 24*x - 64. Let q be y(-8). Let f(j) = -13*j + 1441. What is the units digit of f(q)?
1
Let q = 2392 - 544. Let j = q + -596. What is the tens digit of j?
5
Suppose -4*b + 82655 = 2*z - 19641, 0 = z + 4*b - 51142. What is the ten thousands digit of z?
5
Let s = 620 - 167. What is the units digit of s?
3
Let a = -3385 + 10563. What is the tens digit of a?
7
Suppose -154 = -49*w + 38*w. Suppose 15*k = -3*v + w*k + 2096, v - 4*k = 716. What is the units digit of v?
0
Let u(d) = -2*d**3 - 25*d**2 + 42*d. Let p be u(-14). Suppose -w = 3*l - 0*w - 1175, p = w - 2. What is the hundreds digit of l?
3
Let r(b) = -b**2 - 13*b + 18. Let o be r(-14). Suppose -4*v + 4*d + 174 = -d, -o*v + 192 = 4*d. What is the hundreds digit of 115/v*(-212)/(-5)?
1
Let m(a) = 53*a - 325. Let f be m(6). Let j(o) be the first derivative of -o**4/2 - 3*o**3 + 2*o**2 + 6*o - 2. What is the tens digit of j(f)?
2
Let b = -5272 - -7289. What is the thousands digit of b?
2
Let u = 36862 + -36103. What is the units digit of u?
9
Let h be 1/((14/6)/7). Suppose -195 = -q - 2*a, 3*q + 0*q = -h*a + 600. Suppose 0 = -3*k + q - 28. What is the tens digit of k?
5
Suppose -38*f - 1548 = -34*f. Let a = 1165 + f. What is the hundreds digit of a?
7
Let w = -21737 - -25825. What is the thousands digit of w?
4
Let k = 411 - 237. Let r be (-8)/(-60) + k/45. Suppose -r*w - 2*h + 168 = -672, -5*h = -3*w + 656. What is the hundreds digit of w?
2
Let g(j) = 0*j**2 + 1736 - 2*j**2 + 2*j**3 - j**3. What is the tens digit of g(0)?
3
Suppose -59*m + 61*m - 54230 = 2*z, 5*m = -3*z + 135591. What is the tens digit of m?
1
Let y = 30135 + -16468. Suppose 12*q = y + 1441. What is the thousands digit of q?
1
Suppose 242*k = 245*k + 4482. What is the tens digit of (-2)/(-7) - k/63?
2
Suppose 0 = 2*u - 2, 7 = -5*v + 5*u + 22. Let g be 5 - 6 - -313 - 138/23. Suppose -2*i = -h + 150, 3*h + v*i - g = 104. What is the units digit of h?
2
Let c = 35 - 11. What is the units digit of 1313/7 - (-1)/(56/c)?
8
Suppose q - 4*q = 69. Let o = q + 23. Suppose 2*b + p - 81 = o, -3*p = -6 + 3. What is the units digit of b?
0
Let c = 7134 + 950. What is the tens digit of c?
8
Let r = 7235 - 363. What is the units digit of r?
2
Suppose 4*z + 170 = -3*y - 31, 3*z = 2*y - 172. What is the units digit of (z/(-72))/(3/1336)?
4
Let j = -435 + 430. What is the units digit of 1001 - 5/(25/j)?
2
Let d(s) = -2*s + 47. Let t be d(21). Suppose z = t*z. Suppose 5*n = -z*n + 330. What is the units digit of n?
6
Let n = 11364 - 8396. What is the hundreds digit of n?
9
What is the thousands digit of (425/50 + -6)*16228/10?
4
Suppose -95*c - 34*c + 1021680 = 0. What is the units digit of c?
0
Let b = 11400 + 18092. What is the hundreds digit of b?
4
Suppose -83*h = 170*h - 8062098. What is the hundreds digit of h?
8
Let t be ((-5204)/(-6))/(42/(-3024)). What is the units digit of 4/22 + t/(-176)?
5
Let r(h) be the third derivative of 13*h**5/60 + 4*h**3/3 + 4*h**2 + 15*h. What is the hundreds digit of r(3)?
1
Suppose -2*o - 2*o = 4*w, -4*o - w + 6 = 0. Let t be 2/2*(3 + o/(-2)). What is the tens digit of 585/(-6)*t/(-3)?
6
Suppose 4*v + 2*c = 3316, 5*v + 4*c - 3316 = v. Let w = v + 649. What is the thousands digit of w?
1
What is the ten thousands digit of (414/(-5175) - 173/25) + 71240?
7
Suppose f = 3*m - 56401, 0 = -4*m + 36*f - 40*f + 75196. What is the thousands digit of m?
8
Let z = 3985 - -686. Suppose -z = -7*p + 5689. What is the tens digit of p?
8
Let q = 6022 - -9317. What is the thousands digit of q?
5
Let f(a) = 6*a + 113. Let w be f(-19). What is the tens digit of (0 + w)*-730 - (1 + -1)?
3
Let p(f) = f**3 - 6*f**2 + 5*f. Let q be p(5). Suppose 8*n + 3106 - 12338 = q. What is the hundreds digit of n?
1
Let v(l) be the second derivative of -7*l**3/3 + 53*l**2/2 - 6*l. Let t be v(15). Let d = -99 - t. What is the units digit of d?
8
Let d = -2822 + 7969. What is the tens digit of d?
4
Let r(x) = 4*x - 54*x - 20*x**2 - 2*x**3 + 7*x - 19*x - 4. What is the units digit of r(-10)?
6
Let w be (-60)/50*(-100)/(-6). Let b be (-146)/(-8) - 15/w. Suppose -6 = j - b. What is the tens digit of j?
1
Let s(j) be the second derivative of j**4/6 - 2*j**3 - 7*j**2/2 + 9*j. Suppose 11*x = 7*x + 4*z + 48, -2*x = 3*z - 19. What is the tens digit of s(x)?
0
Let f(t) = -2*t + 11. Let z(y) = 1. Let d(a) = f(a) + 5*z(a). Let w be d(6). Suppose w*c + 0*x = -2*x + 212, 6 = -3*x. What is the units digit of c?
4
Let b(f) = -f**3 + 15*f**2 + 8*f - 11. Suppose 5*t - 26 = 34. Suppose 4*i + t = 72. What is the tens digit of b(i)?
0
Suppose -w = -g - 4*g - 128, 387 = 4*w + 5*g. Suppose 4*h - 5*c = 1137, h - c - 182 = w. What is the tens digit of h?
8
Suppose -54*g = -11*g - 110429 - 70644. What is the tens digit of g?
1
Let w = -39 + 67. Let s = w + -22. Suppose -3*i + 183 = -2*h, 3*h = 4*i + s*h - 244. What is the tens digit of i?
6
What i